{"id":45,"date":"2021-02-20T11:06:01","date_gmt":"2021-02-20T10:06:01","guid":{"rendered":"http:\/\/btp.cabinet-comptable.com\/?page_id=45"},"modified":"2021-03-02T08:46:36","modified_gmt":"2021-03-02T07:46:36","slug":"nous-contacter","status":"publish","type":"page","link":"https:\/\/btp.cabinet-comptable.com\/index.php\/nous-contacter\/","title":{"rendered":"Nous contacter"},"content":{"rendered":"\n<p><strong>2AEC &#8211; Cabinet Actions Audit Expertise Comptable<\/strong><\/p>\n\n\n\n<p> 10, rue Vandrezanne &#8211; 75013 Paris<\/p>\n\n\n\n<p> T\u00e9l : 01.44.23.24.25<\/p>\n\n\n\n<hr class=\"wp-block-separator\"\/>\n\n\n\n<div class=\"wp-block-contact-form-7-contact-form-selector\">\n<div class=\"wpcf7 no-js\" id=\"wpcf7-f98-o1\" lang=\"fr-FR\" dir=\"ltr\" data-wpcf7-id=\"98\">\n<div class=\"screen-reader-response\"><p role=\"status\" aria-live=\"polite\" aria-atomic=\"true\"><\/p> <ul><\/ul><\/div>\n<form action=\"\/index.php\/wp-json\/wp\/v2\/pages\/45#wpcf7-f98-o1\" method=\"post\" class=\"wpcf7-form init\" aria-label=\"Formulaire de contact\" novalidate=\"novalidate\" data-status=\"init\">\n<fieldset class=\"hidden-fields-container\"><input type=\"hidden\" name=\"_wpcf7\" value=\"98\" \/><input type=\"hidden\" name=\"_wpcf7_version\" value=\"6.1.5\" \/><input type=\"hidden\" name=\"_wpcf7_locale\" value=\"fr_FR\" \/><input type=\"hidden\" name=\"_wpcf7_unit_tag\" value=\"wpcf7-f98-o1\" \/><input type=\"hidden\" name=\"_wpcf7_container_post\" value=\"0\" \/><input type=\"hidden\" name=\"_wpcf7_posted_data_hash\" value=\"\" \/>\n<\/fieldset>\n<p><label> Votre nom (obligatoire)<br \/>\n<span class=\"wpcf7-form-control-wrap\" data-name=\"your-name\"><input size=\"40\" maxlength=\"400\" class=\"wpcf7-form-control wpcf7-text wpcf7-validates-as-required\" aria-required=\"true\" aria-invalid=\"false\" value=\"\" type=\"text\" name=\"your-name\" \/><\/span> <\/label>\n<\/p>\n<p><label> Votre adresse de messagerie (obligatoire)<br \/>\n<span class=\"wpcf7-form-control-wrap\" data-name=\"your-email\"><input size=\"40\" maxlength=\"400\" class=\"wpcf7-form-control wpcf7-email wpcf7-validates-as-required wpcf7-text wpcf7-validates-as-email\" aria-required=\"true\" aria-invalid=\"false\" value=\"\" type=\"email\" name=\"your-email\" \/><\/span> <\/label>\n<\/p>\n<p><label> Votre num\u00e9ro de t\u00e9l\u00e9phone (obligatoire)<br \/>\n<span class=\"wpcf7-form-control-wrap\" data-name=\"your-tel\"><input size=\"40\" maxlength=\"400\" class=\"wpcf7-form-control wpcf7-text wpcf7-validates-as-required\" aria-required=\"true\" aria-invalid=\"false\" value=\"\" type=\"text\" name=\"your-tel\" \/><\/span> <\/label>\n<\/p>\n<p><label> Objet<br \/>\n<span class=\"wpcf7-form-control-wrap\" data-name=\"your-subject\"><input size=\"40\" maxlength=\"400\" class=\"wpcf7-form-control wpcf7-text\" aria-invalid=\"false\" value=\"\" type=\"text\" name=\"your-subject\" \/><\/span> <\/label>\n<\/p>\n<p><label> Votre message<br \/>\n<span class=\"wpcf7-form-control-wrap\" data-name=\"your-message\"><textarea cols=\"40\" rows=\"10\" maxlength=\"2000\" class=\"wpcf7-form-control wpcf7-textarea\" aria-invalid=\"false\" name=\"your-message\"><\/textarea><\/span> <\/label>\n<\/p>\n<p><input class=\"wpcf7-form-control wpcf7-submit has-spinner\" type=\"submit\" value=\"Envoyer\" \/>\n<\/p><div class=\"wpcf7-response-output\" aria-hidden=\"true\"><\/div>\n<\/form>\n<\/div>\n<\/div>\n","protected":false},"excerpt":{"rendered":"<p>2AEC &#8211; Cabinet Actions Audit Expertise Comptable 10, rue Vandrezanne &#8211; 75013 Paris T\u00e9l : 01.44.23.24.25<\/p>\n","protected":false},"author":1,"featured_media":0,"parent":0,"menu_order":0,"comment_status":"open","ping_status":"closed","template":"","meta":{"footnotes":""},"class_list":["post-45","page","type-page","status-publish","hentry"],"yoast_head":"<!-- This site is optimized with the Yoast SEO plugin v27.1.1 - https:\/\/yoast.com\/product\/yoast-seo-wordpress\/ -->\n<title>Contacter le cabinet d&#039;expertise comptable sp\u00e9cialis\u00e9 BTP - Paris<\/title>\n<meta name=\"description\" content=\"Contacter le cabinet d&#039;expertise comptable sp\u00e9cialis\u00e9 en BTP - b\u00e2timent et travaux pubics - sur Paris 75013.\" \/>\n<meta name=\"robots\" content=\"index, follow, max-snippet:-1, max-image-preview:large, max-video-preview:-1\" \/>\n<link rel=\"canonical\" href=\"https:\/\/btp.cabinet-comptable.com\/index.php\/nous-contacter\/\" \/>\n<meta property=\"og:locale\" content=\"fr_FR\" \/>\n<meta property=\"og:type\" content=\"article\" \/>\n<meta property=\"og:title\" content=\"Contacter le cabinet d&#039;expertise comptable sp\u00e9cialis\u00e9 BTP - Paris\" \/>\n<meta property=\"og:description\" content=\"Contacter le cabinet d&#039;expertise comptable sp\u00e9cialis\u00e9 en BTP - b\u00e2timent et travaux pubics - sur Paris 75013.\" \/>\n<meta property=\"og:url\" content=\"https:\/\/btp.cabinet-comptable.com\/index.php\/nous-contacter\/\" \/>\n<meta property=\"og:site_name\" content=\"Le cabinet comptable sp\u00e9cialiste du secteur du btp\" \/>\n<meta property=\"article:modified_time\" content=\"2021-03-02T07:46:36+00:00\" \/>\n<meta name=\"twitter:card\" content=\"summary_large_image\" \/>\n<meta name=\"twitter:label1\" content=\"Dur\u00e9e de lecture estim\u00e9e\" \/>\n\t<meta name=\"twitter:data1\" content=\"1 minute\" \/>\n<script type=\"application\/ld+json\" class=\"yoast-schema-graph\">{\"@context\":\"https:\/\/schema.org\",\"@graph\":[{\"@type\":\"WebPage\",\"@id\":\"https:\/\/btp.cabinet-comptable.com\/index.php\/nous-contacter\/\",\"url\":\"https:\/\/btp.cabinet-comptable.com\/index.php\/nous-contacter\/\",\"name\":\"Contacter le cabinet d'expertise comptable sp\u00e9cialis\u00e9 BTP - Paris\",\"isPartOf\":{\"@id\":\"https:\/\/btp.cabinet-comptable.com\/#website\"},\"datePublished\":\"2021-02-20T10:06:01+00:00\",\"dateModified\":\"2021-03-02T07:46:36+00:00\",\"description\":\"Contacter le cabinet d'expertise comptable sp\u00e9cialis\u00e9 en BTP - b\u00e2timent et travaux pubics - sur Paris 75013.\",\"inLanguage\":\"fr-FR\",\"potentialAction\":[{\"@type\":\"ReadAction\",\"target\":[\"https:\/\/btp.cabinet-comptable.com\/index.php\/nous-contacter\/\"]}]},{\"@type\":\"WebSite\",\"@id\":\"https:\/\/btp.cabinet-comptable.com\/#website\",\"url\":\"https:\/\/btp.cabinet-comptable.com\/\",\"name\":\"Le cabinet comptable sp\u00e9cialiste du secteur du btp\",\"description\":\"Un expert-comptable r\u00e9actif et \u00e0 vos c\u00f4t\u00e9s\",\"publisher\":{\"@id\":\"https:\/\/btp.cabinet-comptable.com\/#organization\"},\"potentialAction\":[{\"@type\":\"SearchAction\",\"target\":{\"@type\":\"EntryPoint\",\"urlTemplate\":\"https:\/\/btp.cabinet-comptable.com\/?s={search_term_string}\"},\"query-input\":{\"@type\":\"PropertyValueSpecification\",\"valueRequired\":true,\"valueName\":\"search_term_string\"}}],\"inLanguage\":\"fr-FR\"},{\"@type\":\"Organization\",\"@id\":\"https:\/\/btp.cabinet-comptable.com\/#organization\",\"name\":\"Le cabinet comptable sp\u00e9cialiste du secteur du btp\",\"url\":\"https:\/\/btp.cabinet-comptable.com\/\",\"logo\":{\"@type\":\"ImageObject\",\"inLanguage\":\"fr-FR\",\"@id\":\"https:\/\/btp.cabinet-comptable.com\/#\/schema\/logo\/image\/\",\"url\":\"https:\/\/btp.cabinet-comptable.com\/wp-content\/uploads\/2021\/02\/cropped-cropped-cropped-2AEC_logo_carry-lanczos3.jpg\",\"contentUrl\":\"https:\/\/btp.cabinet-comptable.com\/wp-content\/uploads\/2021\/02\/cropped-cropped-cropped-2AEC_logo_carry-lanczos3.jpg\",\"width\":250,\"height\":250,\"caption\":\"Le cabinet comptable sp\u00e9cialiste du secteur du btp\"},\"image\":{\"@id\":\"https:\/\/btp.cabinet-comptable.com\/#\/schema\/logo\/image\/\"}}]}<\/script>\n<!-- \/ Yoast SEO plugin. -->","yoast_head_json":{"title":"Contacter le cabinet d'expertise comptable sp\u00e9cialis\u00e9 BTP - Paris","description":"Contacter le cabinet d'expertise comptable sp\u00e9cialis\u00e9 en BTP - b\u00e2timent et travaux pubics - sur Paris 75013.","robots":{"index":"index","follow":"follow","max-snippet":"max-snippet:-1","max-image-preview":"max-image-preview:large","max-video-preview":"max-video-preview:-1"},"canonical":"https:\/\/btp.cabinet-comptable.com\/index.php\/nous-contacter\/","og_locale":"fr_FR","og_type":"article","og_title":"Contacter le cabinet d'expertise comptable sp\u00e9cialis\u00e9 BTP - Paris","og_description":"Contacter le cabinet d'expertise comptable sp\u00e9cialis\u00e9 en BTP - b\u00e2timent et travaux pubics - sur Paris 75013.","og_url":"https:\/\/btp.cabinet-comptable.com\/index.php\/nous-contacter\/","og_site_name":"Le cabinet comptable sp\u00e9cialiste du secteur du btp","article_modified_time":"2021-03-02T07:46:36+00:00","twitter_card":"summary_large_image","twitter_misc":{"Dur\u00e9e de lecture estim\u00e9e":"1 minute"},"schema":{"@context":"https:\/\/schema.org","@graph":[{"@type":"WebPage","@id":"https:\/\/btp.cabinet-comptable.com\/index.php\/nous-contacter\/","url":"https:\/\/btp.cabinet-comptable.com\/index.php\/nous-contacter\/","name":"Contacter le cabinet d'expertise comptable sp\u00e9cialis\u00e9 BTP - Paris","isPartOf":{"@id":"https:\/\/btp.cabinet-comptable.com\/#website"},"datePublished":"2021-02-20T10:06:01+00:00","dateModified":"2021-03-02T07:46:36+00:00","description":"Contacter le cabinet d'expertise comptable sp\u00e9cialis\u00e9 en BTP - b\u00e2timent et travaux pubics - sur Paris 75013.","inLanguage":"fr-FR","potentialAction":[{"@type":"ReadAction","target":["https:\/\/btp.cabinet-comptable.com\/index.php\/nous-contacter\/"]}]},{"@type":"WebSite","@id":"https:\/\/btp.cabinet-comptable.com\/#website","url":"https:\/\/btp.cabinet-comptable.com\/","name":"Le cabinet comptable sp\u00e9cialiste du secteur du btp","description":"Un expert-comptable r\u00e9actif et \u00e0 vos c\u00f4t\u00e9s","publisher":{"@id":"https:\/\/btp.cabinet-comptable.com\/#organization"},"potentialAction":[{"@type":"SearchAction","target":{"@type":"EntryPoint","urlTemplate":"https:\/\/btp.cabinet-comptable.com\/?s={search_term_string}"},"query-input":{"@type":"PropertyValueSpecification","valueRequired":true,"valueName":"search_term_string"}}],"inLanguage":"fr-FR"},{"@type":"Organization","@id":"https:\/\/btp.cabinet-comptable.com\/#organization","name":"Le cabinet comptable sp\u00e9cialiste du secteur du btp","url":"https:\/\/btp.cabinet-comptable.com\/","logo":{"@type":"ImageObject","inLanguage":"fr-FR","@id":"https:\/\/btp.cabinet-comptable.com\/#\/schema\/logo\/image\/","url":"https:\/\/btp.cabinet-comptable.com\/wp-content\/uploads\/2021\/02\/cropped-cropped-cropped-2AEC_logo_carry-lanczos3.jpg","contentUrl":"https:\/\/btp.cabinet-comptable.com\/wp-content\/uploads\/2021\/02\/cropped-cropped-cropped-2AEC_logo_carry-lanczos3.jpg","width":250,"height":250,"caption":"Le cabinet comptable sp\u00e9cialiste du secteur du btp"},"image":{"@id":"https:\/\/btp.cabinet-comptable.com\/#\/schema\/logo\/image\/"}}]}},"_links":{"self":[{"href":"https:\/\/btp.cabinet-comptable.com\/index.php\/wp-json\/wp\/v2\/pages\/45","targetHints":{"allow":["GET"]}}],"collection":[{"href":"https:\/\/btp.cabinet-comptable.com\/index.php\/wp-json\/wp\/v2\/pages"}],"about":[{"href":"https:\/\/btp.cabinet-comptable.com\/index.php\/wp-json\/wp\/v2\/types\/page"}],"author":[{"embeddable":true,"href":"https:\/\/btp.cabinet-comptable.com\/index.php\/wp-json\/wp\/v2\/users\/1"}],"replies":[{"embeddable":true,"href":"https:\/\/btp.cabinet-comptable.com\/index.php\/wp-json\/wp\/v2\/comments?post=45"}],"version-history":[{"count":4,"href":"https:\/\/btp.cabinet-comptable.com\/index.php\/wp-json\/wp\/v2\/pages\/45\/revisions"}],"predecessor-version":[{"id":103,"href":"https:\/\/btp.cabinet-comptable.com\/index.php\/wp-json\/wp\/v2\/pages\/45\/revisions\/103"}],"wp:attachment":[{"href":"https:\/\/btp.cabinet-comptable.com\/index.php\/wp-json\/wp\/v2\/media?parent=45"}],"curies":[{"name":"wp","href":"https:\/\/api.w.org\/{rel}","templated":true}]}}