{"id":33,"date":"2021-02-20T11:02:53","date_gmt":"2021-02-20T10:02:53","guid":{"rendered":"http:\/\/btp.cabinet-comptable.com\/?page_id=33"},"modified":"2021-03-02T08:46:11","modified_gmt":"2021-03-02T07:46:11","slug":"risques-sous-traitance-tva-travail-illegal","status":"publish","type":"page","link":"https:\/\/btp.cabinet-comptable.com\/index.php\/risques-sous-traitance-tva-travail-illegal\/","title":{"rendered":"BTP : principales zones de risques"},"content":{"rendered":"\n<p class=\"has-vivid-cyan-blue-color has-text-color\"><strong>Risques li\u00e9s aux aspects sociaux<\/strong><\/p>\n\n\n\n<p>Certaines entreprises ont recours \u00e0 du personnel non d\u00e9clar\u00e9 aupr\u00e8s de l\u2019Urssaf. Outre les cons\u00e9quences dommageables relatives au travail ill\u00e9gal (sanctions financi\u00e8res, rappels de salaires, de charges sociales etc.), il faut que le dirigeant de l&rsquo;entreprise du BTP soit attentif aux cons\u00e9quences financi\u00e8res en cas d\u2019accident d\u2019un ouvrier non d\u00e9clar\u00e9. En effet, il appartiendra alors \u00e0 l\u2019entreprise d\u2019en assumer la responsabilit\u00e9. <\/p>\n\n\n\n<p class=\"has-vivid-cyan-blue-color has-text-color\"><strong>Risques issus de la sous-traitance<\/strong><\/p>\n\n\n\n<p>Dans le cadre de la signature d\u2019un contrat portant sur l\u2019ex\u00e9cution d\u2019un travail, ou d\u2019une prestation de services dont le montant global d\u00e9passe 5 K\u20ac HT, le donneur d\u2019ordre doit s\u2019assurer lors de la conclusion du contrat puis tous les 6 mois que son sous-traitant est \u00e0 jour de ses obligations fiscales et sociales, en lui demandant de lui fournir une attestation de vigilance. <\/p>\n\n\n\n<p>Ce document est \u00e0 demander \u00e0 l\u2019Urssaf. A d\u00e9faut, le donneur d\u2019ordre est solidaire du sous-traitant qui serait reconnu coupable de travail dissimul\u00e9,<br>et devra se substituer aux obligations de son sous-traitant en cas de d\u00e9faillance.<\/p>\n\n\n\n<p class=\"has-vivid-cyan-blue-color has-text-color\"><strong>Risques li\u00e9s \u00e0 l&rsquo;application du taux r\u00e9duit ou du taux interm\u00e9diaire de TVA<\/strong><\/p>\n\n\n\n<p>En votre qualit\u00e9 de dirigeant d&rsquo;une entreprise de b\u00e2timent, il vous fait \u00eatre vigilant sur la conservation de l\u2019attestation appropri\u00e9e au risque d&rsquo;\u00eatre solidairement tenu au paiement du compl\u00e9ment de taxe. <\/p>\n\n\n\n<p>Le preneur doit \u00e9tablir, \u00e0 la date du fait g\u00e9n\u00e9rateur de la taxe ou au plus tard \u00e0 celle de la facturation, l\u2019attestation selon laquelle les travaux effectu\u00e9s remplissent les conditions d\u2019application du taux r\u00e9duit ou du taux interm\u00e9diaire. <\/p>\n\n\n\n<p>Par ailleurs, la personne qui r\u00e9alise ces travaux et qui \u00e9tablit la facturation, conserve cette attestation \u00e0 l\u2019appui de sa comptabilit\u00e9.<\/p>\n\n\n\n<p class=\"has-vivid-cyan-blue-color has-text-color\"><strong>Risques professionnels<\/strong><\/p>\n\n\n\n<p>L\u2019entreprise de b\u00e2timent reste redevable envers son client et apr\u00e8s r\u00e9ception des travaux par ce dernier d\u2019une :<\/p>\n\n\n\n<ul class=\"wp-block-list\"><li>Garantie d\u00e9cennale couvrant le gros \u0153uvre et la toiture : le probl\u00e8me de l\u2019assurance d\u00e9cennale pour les entreprises de ma\u00e7onnerie anciennes est un probl\u00e8me tr\u00e8s important. Le montant des primes repr\u00e9sente un pourcentage significatif du chiffre d\u2019affaires (2 % ou 3 % si l\u2019entreprise a de nombreux sinistres). Souvent la prime est ajust\u00e9e apr\u00e8s que l\u2019entreprise ait communiqu\u00e9 son chiffre d\u2019affaires. <\/li><li>Franchise sur sinistre : lorsqu\u2019il y a un sinistre, la compagnie d\u2019assurance d\u00e9cennale proc\u00e8de \u00e0 une longue instruction (expertise, etc.). A la sortie, l\u2019entreprise va avoir \u00e0 sa charge une franchise. <\/li><li>Les reprises sur travaux : souvent lors de malfa\u00e7ons, l\u2019entreprise doit reprendre des travaux apr\u00e8s la fin du chantier.<\/li><li>Garantie biennale, etc.<\/li><\/ul>\n\n\n\n<p>L\u2019entreprise doit \u00e9galement assurer les travaux en cours pour se couvrir en cas d\u2019effondrement ou de dommages intervenant avant r\u00e9ception.<\/p>\n","protected":false},"excerpt":{"rendered":"<p>Risques li\u00e9s aux aspects sociaux Certaines entreprises ont recours \u00e0 du personnel non d\u00e9clar\u00e9 aupr\u00e8s de l\u2019Urssaf. Outre les cons\u00e9quences dommageables relatives au travail ill\u00e9gal (sanctions financi\u00e8res, rappels de salaires, de charges sociales etc.), il faut que le dirigeant de l&rsquo;entreprise du BTP soit attentif aux cons\u00e9quences financi\u00e8res en cas d\u2019accident d\u2019un ouvrier non d\u00e9clar\u00e9. &hellip; <\/p>\n<p class=\"link-more\"><a href=\"https:\/\/btp.cabinet-comptable.com\/index.php\/risques-sous-traitance-tva-travail-illegal\/\" class=\"more-link\">Continuer la lecture<span class=\"screen-reader-text\"> de &laquo;&nbsp;BTP : principales zones de risques&nbsp;&raquo;<\/span><\/a><\/p>\n","protected":false},"author":1,"featured_media":165,"parent":0,"menu_order":0,"comment_status":"open","ping_status":"closed","template":"","meta":{"footnotes":""},"class_list":["post-33","page","type-page","status-publish","has-post-thumbnail","hentry"],"yoast_head":"<!-- This site is optimized with the Yoast SEO plugin v27.1.1 - https:\/\/yoast.com\/product\/yoast-seo-wordpress\/ -->\n<title>BTP : principales zones de risques ; sous-traitance, tva, travail ill\u00e9gal<\/title>\n<meta name=\"description\" content=\"BTP : les principales zones de risques : sous-traitance, tva, travail ill\u00e9gal, Urssaf, garantie d\u00e9cennale, retenue de garantie\" \/>\n<meta name=\"robots\" content=\"index, follow, max-snippet:-1, max-image-preview:large, max-video-preview:-1\" \/>\n<link rel=\"canonical\" href=\"https:\/\/btp.cabinet-comptable.com\/index.php\/risques-sous-traitance-tva-travail-illegal\/\" \/>\n<meta property=\"og:locale\" content=\"fr_FR\" \/>\n<meta property=\"og:type\" content=\"article\" \/>\n<meta property=\"og:title\" content=\"BTP : principales zones de risques ; sous-traitance, tva, travail ill\u00e9gal\" \/>\n<meta property=\"og:description\" content=\"BTP : les principales zones de risques : sous-traitance, tva, travail ill\u00e9gal, Urssaf, garantie d\u00e9cennale, retenue de garantie\" \/>\n<meta property=\"og:url\" content=\"https:\/\/btp.cabinet-comptable.com\/index.php\/risques-sous-traitance-tva-travail-illegal\/\" \/>\n<meta property=\"og:site_name\" content=\"Le cabinet comptable sp\u00e9cialiste du secteur du btp\" \/>\n<meta property=\"article:modified_time\" content=\"2021-03-02T07:46:11+00:00\" \/>\n<meta property=\"og:image\" content=\"https:\/\/btp.cabinet-comptable.com\/wp-content\/uploads\/2021\/02\/casque-gants-risques-btp-cabinet-comptable.jpg\" \/>\n\t<meta property=\"og:image:width\" content=\"275\" \/>\n\t<meta property=\"og:image:height\" content=\"183\" \/>\n\t<meta property=\"og:image:type\" content=\"image\/jpeg\" \/>\n<meta name=\"twitter:card\" content=\"summary_large_image\" \/>\n<meta name=\"twitter:label1\" content=\"Dur\u00e9e de lecture estim\u00e9e\" \/>\n\t<meta name=\"twitter:data1\" content=\"2 minutes\" \/>\n<script type=\"application\/ld+json\" class=\"yoast-schema-graph\">{\"@context\":\"https:\/\/schema.org\",\"@graph\":[{\"@type\":\"WebPage\",\"@id\":\"https:\/\/btp.cabinet-comptable.com\/index.php\/risques-sous-traitance-tva-travail-illegal\/\",\"url\":\"https:\/\/btp.cabinet-comptable.com\/index.php\/risques-sous-traitance-tva-travail-illegal\/\",\"name\":\"BTP : principales zones de risques ; sous-traitance, tva, travail ill\u00e9gal\",\"isPartOf\":{\"@id\":\"https:\/\/btp.cabinet-comptable.com\/#website\"},\"primaryImageOfPage\":{\"@id\":\"https:\/\/btp.cabinet-comptable.com\/index.php\/risques-sous-traitance-tva-travail-illegal\/#primaryimage\"},\"image\":{\"@id\":\"https:\/\/btp.cabinet-comptable.com\/index.php\/risques-sous-traitance-tva-travail-illegal\/#primaryimage\"},\"thumbnailUrl\":\"https:\/\/btp.cabinet-comptable.com\/wp-content\/uploads\/2021\/02\/casque-gants-risques-btp-cabinet-comptable.jpg\",\"datePublished\":\"2021-02-20T10:02:53+00:00\",\"dateModified\":\"2021-03-02T07:46:11+00:00\",\"description\":\"BTP : les principales zones de risques : sous-traitance, tva, travail ill\u00e9gal, Urssaf, garantie d\u00e9cennale, retenue de garantie\",\"inLanguage\":\"fr-FR\",\"potentialAction\":[{\"@type\":\"ReadAction\",\"target\":[\"https:\/\/btp.cabinet-comptable.com\/index.php\/risques-sous-traitance-tva-travail-illegal\/\"]}]},{\"@type\":\"ImageObject\",\"inLanguage\":\"fr-FR\",\"@id\":\"https:\/\/btp.cabinet-comptable.com\/index.php\/risques-sous-traitance-tva-travail-illegal\/#primaryimage\",\"url\":\"https:\/\/btp.cabinet-comptable.com\/wp-content\/uploads\/2021\/02\/casque-gants-risques-btp-cabinet-comptable.jpg\",\"contentUrl\":\"https:\/\/btp.cabinet-comptable.com\/wp-content\/uploads\/2021\/02\/casque-gants-risques-btp-cabinet-comptable.jpg\",\"width\":275,\"height\":183,\"caption\":\"btp zones de risques - cabinet d'expertise comptable \u00e0 Paris 75013\"},{\"@type\":\"WebSite\",\"@id\":\"https:\/\/btp.cabinet-comptable.com\/#website\",\"url\":\"https:\/\/btp.cabinet-comptable.com\/\",\"name\":\"Le cabinet comptable sp\u00e9cialiste du secteur du btp\",\"description\":\"Un expert-comptable r\u00e9actif et \u00e0 vos c\u00f4t\u00e9s\",\"publisher\":{\"@id\":\"https:\/\/btp.cabinet-comptable.com\/#organization\"},\"potentialAction\":[{\"@type\":\"SearchAction\",\"target\":{\"@type\":\"EntryPoint\",\"urlTemplate\":\"https:\/\/btp.cabinet-comptable.com\/?s={search_term_string}\"},\"query-input\":{\"@type\":\"PropertyValueSpecification\",\"valueRequired\":true,\"valueName\":\"search_term_string\"}}],\"inLanguage\":\"fr-FR\"},{\"@type\":\"Organization\",\"@id\":\"https:\/\/btp.cabinet-comptable.com\/#organization\",\"name\":\"Le cabinet comptable sp\u00e9cialiste du secteur du btp\",\"url\":\"https:\/\/btp.cabinet-comptable.com\/\",\"logo\":{\"@type\":\"ImageObject\",\"inLanguage\":\"fr-FR\",\"@id\":\"https:\/\/btp.cabinet-comptable.com\/#\/schema\/logo\/image\/\",\"url\":\"https:\/\/btp.cabinet-comptable.com\/wp-content\/uploads\/2021\/02\/cropped-cropped-cropped-2AEC_logo_carry-lanczos3.jpg\",\"contentUrl\":\"https:\/\/btp.cabinet-comptable.com\/wp-content\/uploads\/2021\/02\/cropped-cropped-cropped-2AEC_logo_carry-lanczos3.jpg\",\"width\":250,\"height\":250,\"caption\":\"Le cabinet comptable sp\u00e9cialiste du secteur du btp\"},\"image\":{\"@id\":\"https:\/\/btp.cabinet-comptable.com\/#\/schema\/logo\/image\/\"}}]}<\/script>\n<!-- \/ Yoast SEO plugin. -->","yoast_head_json":{"title":"BTP : principales zones de risques ; sous-traitance, tva, travail ill\u00e9gal","description":"BTP : les principales zones de risques : sous-traitance, tva, travail ill\u00e9gal, Urssaf, garantie d\u00e9cennale, retenue de garantie","robots":{"index":"index","follow":"follow","max-snippet":"max-snippet:-1","max-image-preview":"max-image-preview:large","max-video-preview":"max-video-preview:-1"},"canonical":"https:\/\/btp.cabinet-comptable.com\/index.php\/risques-sous-traitance-tva-travail-illegal\/","og_locale":"fr_FR","og_type":"article","og_title":"BTP : principales zones de risques ; sous-traitance, tva, travail ill\u00e9gal","og_description":"BTP : les principales zones de risques : sous-traitance, tva, travail ill\u00e9gal, Urssaf, garantie d\u00e9cennale, retenue de garantie","og_url":"https:\/\/btp.cabinet-comptable.com\/index.php\/risques-sous-traitance-tva-travail-illegal\/","og_site_name":"Le cabinet comptable sp\u00e9cialiste du secteur du btp","article_modified_time":"2021-03-02T07:46:11+00:00","og_image":[{"width":275,"height":183,"url":"https:\/\/btp.cabinet-comptable.com\/wp-content\/uploads\/2021\/02\/casque-gants-risques-btp-cabinet-comptable.jpg","type":"image\/jpeg"}],"twitter_card":"summary_large_image","twitter_misc":{"Dur\u00e9e de lecture estim\u00e9e":"2 minutes"},"schema":{"@context":"https:\/\/schema.org","@graph":[{"@type":"WebPage","@id":"https:\/\/btp.cabinet-comptable.com\/index.php\/risques-sous-traitance-tva-travail-illegal\/","url":"https:\/\/btp.cabinet-comptable.com\/index.php\/risques-sous-traitance-tva-travail-illegal\/","name":"BTP : principales zones de risques ; sous-traitance, tva, travail ill\u00e9gal","isPartOf":{"@id":"https:\/\/btp.cabinet-comptable.com\/#website"},"primaryImageOfPage":{"@id":"https:\/\/btp.cabinet-comptable.com\/index.php\/risques-sous-traitance-tva-travail-illegal\/#primaryimage"},"image":{"@id":"https:\/\/btp.cabinet-comptable.com\/index.php\/risques-sous-traitance-tva-travail-illegal\/#primaryimage"},"thumbnailUrl":"https:\/\/btp.cabinet-comptable.com\/wp-content\/uploads\/2021\/02\/casque-gants-risques-btp-cabinet-comptable.jpg","datePublished":"2021-02-20T10:02:53+00:00","dateModified":"2021-03-02T07:46:11+00:00","description":"BTP : les principales zones de risques : sous-traitance, tva, travail ill\u00e9gal, Urssaf, garantie d\u00e9cennale, retenue de garantie","inLanguage":"fr-FR","potentialAction":[{"@type":"ReadAction","target":["https:\/\/btp.cabinet-comptable.com\/index.php\/risques-sous-traitance-tva-travail-illegal\/"]}]},{"@type":"ImageObject","inLanguage":"fr-FR","@id":"https:\/\/btp.cabinet-comptable.com\/index.php\/risques-sous-traitance-tva-travail-illegal\/#primaryimage","url":"https:\/\/btp.cabinet-comptable.com\/wp-content\/uploads\/2021\/02\/casque-gants-risques-btp-cabinet-comptable.jpg","contentUrl":"https:\/\/btp.cabinet-comptable.com\/wp-content\/uploads\/2021\/02\/casque-gants-risques-btp-cabinet-comptable.jpg","width":275,"height":183,"caption":"btp zones de risques - cabinet d'expertise comptable \u00e0 Paris 75013"},{"@type":"WebSite","@id":"https:\/\/btp.cabinet-comptable.com\/#website","url":"https:\/\/btp.cabinet-comptable.com\/","name":"Le cabinet comptable sp\u00e9cialiste du secteur du btp","description":"Un expert-comptable r\u00e9actif et \u00e0 vos c\u00f4t\u00e9s","publisher":{"@id":"https:\/\/btp.cabinet-comptable.com\/#organization"},"potentialAction":[{"@type":"SearchAction","target":{"@type":"EntryPoint","urlTemplate":"https:\/\/btp.cabinet-comptable.com\/?s={search_term_string}"},"query-input":{"@type":"PropertyValueSpecification","valueRequired":true,"valueName":"search_term_string"}}],"inLanguage":"fr-FR"},{"@type":"Organization","@id":"https:\/\/btp.cabinet-comptable.com\/#organization","name":"Le cabinet comptable sp\u00e9cialiste du secteur du btp","url":"https:\/\/btp.cabinet-comptable.com\/","logo":{"@type":"ImageObject","inLanguage":"fr-FR","@id":"https:\/\/btp.cabinet-comptable.com\/#\/schema\/logo\/image\/","url":"https:\/\/btp.cabinet-comptable.com\/wp-content\/uploads\/2021\/02\/cropped-cropped-cropped-2AEC_logo_carry-lanczos3.jpg","contentUrl":"https:\/\/btp.cabinet-comptable.com\/wp-content\/uploads\/2021\/02\/cropped-cropped-cropped-2AEC_logo_carry-lanczos3.jpg","width":250,"height":250,"caption":"Le cabinet comptable sp\u00e9cialiste du secteur du btp"},"image":{"@id":"https:\/\/btp.cabinet-comptable.com\/#\/schema\/logo\/image\/"}}]}},"_links":{"self":[{"href":"https:\/\/btp.cabinet-comptable.com\/index.php\/wp-json\/wp\/v2\/pages\/33","targetHints":{"allow":["GET"]}}],"collection":[{"href":"https:\/\/btp.cabinet-comptable.com\/index.php\/wp-json\/wp\/v2\/pages"}],"about":[{"href":"https:\/\/btp.cabinet-comptable.com\/index.php\/wp-json\/wp\/v2\/types\/page"}],"author":[{"embeddable":true,"href":"https:\/\/btp.cabinet-comptable.com\/index.php\/wp-json\/wp\/v2\/users\/1"}],"replies":[{"embeddable":true,"href":"https:\/\/btp.cabinet-comptable.com\/index.php\/wp-json\/wp\/v2\/comments?post=33"}],"version-history":[{"count":6,"href":"https:\/\/btp.cabinet-comptable.com\/index.php\/wp-json\/wp\/v2\/pages\/33\/revisions"}],"predecessor-version":[{"id":182,"href":"https:\/\/btp.cabinet-comptable.com\/index.php\/wp-json\/wp\/v2\/pages\/33\/revisions\/182"}],"wp:featuredmedia":[{"embeddable":true,"href":"https:\/\/btp.cabinet-comptable.com\/index.php\/wp-json\/wp\/v2\/media\/165"}],"wp:attachment":[{"href":"https:\/\/btp.cabinet-comptable.com\/index.php\/wp-json\/wp\/v2\/media?parent=33"}],"curies":[{"name":"wp","href":"https:\/\/api.w.org\/{rel}","templated":true}]}}